st the prime factors of t.
7
Let m(k) = k**3 + 0*k + 19 + 3*k - 4*k. Let j(v) = v**3 + 13*v**2 - 13*v + 14. Let p be j(-14). List the prime factors of m(p).
19
Suppose 4*s + 4*i = 48, -3*s - 2*i = -5*s + 20. Suppose 5*p + s = 6*p. List the prime factors of p.
11
Suppose n = -0 + 1. Let t be 0 + 2 - (-135 + n). Let u = -86 + t. What are the prime factors of u?
2, 5
Suppose -5*i - 19 = -y, -5*i = y - 0 + 11. Suppose -3*b - 450 = -3*u, -y*b + 216 - 46 = u. List the prime factors of u.
2, 7, 11
Let a = 57 - 47. What are the prime factors of 128/(-40)*1*(0 - a)?
2
Suppose -5*d + 6 = -14. Suppose 0 = 3*v - d*s - 131, v = -v + 4*s + 94. List the prime factors of v.
37
Let k = -84 + 312. Suppose 2*z = -2*o + k, 2*z + 0*z = -5*o + 219. List the prime factors of z.
3, 13
Suppose -100 - 8 = -3*w. List the prime factors of w.
2, 3
Suppose 4*i - 104 = 3*i. Let n = i - 44. List the prime factors of n.
2, 3, 5
Suppose 0 = 29*j + 9*j - 17290. What are the prime factors of j?
5, 7, 13
Suppose 4*x - 31 = -15. Let t = 5 + 26. Suppose 4*a + 3*q = t, 0 = a - x*q + 4 + 12. List the prime factors of a.
2
Let y be 4 - (3 - (-1 - -2)). Let p be (-21)/14*6*y. Let w = 35 + p. What are the prime factors of w?
17
Let a(z) = -z. Let w(u) = -5*u. Let k(d) = 2*a(d) - w(d). Let p be k(1). Suppose 28 - 10 = p*f. What are the prime factors of f?
2, 3
Let z be 2/(4/96*2) - -1. What are the prime factors of 3560/z + ((-12)/5 - -2)?
2, 71
Let q be 37 - 4/(8/6). Let v = q + -33. List the prime factors of (v - (-24)/2) + 4.
17
Suppose -7 - 7 = -7*t. Suppose -r - 5*o = -87, 0*r - 2*r + t*o = -210. What are the prime factors of r?
2, 3, 17
Let y = 226 + 109. List the prime factors of y.
5, 67
Let s(l) = -l**2 - 12*l. Let q be s(-12). Suppose 0 = -z - q + 50. What are the prime factors of z?
2, 5
Suppose 5*o = 2*o + 9. List the prime factors of 1/((-1)/(-12)*o).
2
What are the prime factors of (-3)/(1340/149 + -9)?
3, 149
Suppose -3*i + y + 3047 = 0, -4*i - 12*y + 4052 = -16*y. What are the prime factors of i?
3, 113
Let x = -82 + 366. Suppose 3*g - x = -g. What are the prime factors of g?
71
Let h(x) = -40*x - 12. Let u be h(-3). Suppose 2*b = -10 + u. What are the prime factors of b?
7
Suppose 0 = 10*o - 5808 - 2502. List the prime factors of o.
3, 277
Suppose 3 = 4*d - 5. Let y be 2/(8 - d)*18. Let k = y - -20. What are the prime factors of k?
2, 13
Suppose 104 - 31 = m - 2*a, -5*m = -5*a - 375. Suppose 91 = 6*y - m. List the prime factors of y.
2, 7
Suppose 0*z - 5*z + 5164 = 2*b, 4*b - 10342 = -3*z. List the prime factors of b.
13, 199
Let j(n) = -23*n + 20. Let x be j(7). Let g = -31 - x. What are the prime factors of g?
2, 5, 11
Let z(d) = 15*d + 1. Let u be z(1). Suppose -27 = -5*n - 0*f - 3*f, u = 4*f. Suppose 2*t + n*j - 107 = -0*j, -5*j - 255 = -5*t. List the prime factors of t.
2, 13
Suppose -4*x - 3*b - 12 = b, -5*x = 2*b + 6. Suppose -6*v + 244 + 128 = x. List the prime factors of v.
2, 31
Let w(h) be the second derivative of -h**3/6 + h**2 - 7*h. Let f be w(4). Let a(x) = -6*x**3 + x**2 + 1. List the prime factors of a(f).
53
Let p = 1061 - 590. Let s = -281 + p. List the prime factors of s.
2, 5, 19
Suppose 0 = -n + 7 + 2. Suppose n*a + 12 = 13*a. Suppose -5*x + 4*f = -94, -4*x - a*f + 38 = -62. What are the prime factors of x?
2, 11
Let z = -648 + 936. List the prime factors of z.
2, 3
What are the prime factors of 2*(-15)/(-10)*612/2?
2, 3, 17
Suppose -11*r + 5*r = -10*r. Suppose r = 9*m - 28*m + 285. List the prime factors of m.
3, 5
What are the prime factors of (-20)/28 + (-12905)/(-35)?
2, 23
Let f(p) = 17*p - 191. What are the prime factors of f(17)?
2, 7
Suppose -7*v + 319 = -157. Suppose -14*z - v + 446 = 0. What are the prime factors of z?
3
Let f(t) = -17*t + 1. Let w = -9 + 7. What are the prime factors of f(w)?
5, 7
Let z be (-121)/22 - 2/(-4). What are the prime factors of z/(-25) - (-154)/5?
31
Suppose 5*r = -5*l + 30, 2*l + 7 = 4*l - 3*r. Suppose l*g = -h + 102, 7*h - 3*h - 72 = -4*g. Let j = 32 - g. What are the prime factors of j?
11
Let i(a) = 7*a**2 + 4*a + 28. What are the prime factors of i(7)?
3, 7, 19
Suppose -9 = -3*o - 0*o. Let w = 0 + o. Suppose 0*g = 4*q - 5*g - w, 2*q - 19 = -g. What are the prime factors of q?
7
Let g = -26 - -27. List the prime factors of 1/(g/(-72)*-3).
2, 3
List the prime factors of (8 - 6)/2 + 159.
2, 5
Let j(s) = -7*s + 2. Let m be j(-1). Suppose 165 = 4*v + 5*q, 0 = q + 2*q + m. What are the prime factors of v?
3, 5
Suppose 3*w - d - 18 = 0, 3 = 3*w + 3*d - 3. Suppose l = -4*q + 4*l + 269, 139 = 2*q + 3*l. Suppose 47 = w*m - q. List the prime factors of m.
23
What are the prime factors of 2/(-7 + (-41313)/(-5901))?
7, 281
Let j(b) = b + 7. Let t be j(-19). What are the prime factors of t*(100/(-12) - -3)?
2
Suppose s = -5, 3*s = -18*z + 22*z - 2055. List the prime factors of z.
2, 3, 5, 17
Let t(m) = m**3 - 9*m**2 + 8*m + 5. Let l be t(8). Let z be 22/12 - l/(-30). Let s(x) = 8*x - 3. List the prime factors of s(z).
13
Let z = 2020 - -345. What are the prime factors of z?
5, 11, 43
Let s = -266 - -3202. What are the prime factors of s?
2, 367
Let q be 3 + (-2 - -2) + 0. Suppose -26 = -q*k + 58. Let j = -14 + k. What are the prime factors of j?
2, 7
Suppose -2*n = 2*k - 7424, -6*n - 7403 = -8*n + 5*k. What are the prime factors of n?
3709
Let z be (7/(-21))/(2/(-6)). Suppose -z = -2*a - 15. Let m(j) = j**2 + 4*j - 4. List the prime factors of m(a).
17
Suppose 2*x - 3*w + w - 16 = 0, 38 = 5*x - 3*w. Suppose 15 = h + 3. Suppose -x*b = -10*b + h. List the prime factors of b.
2
Suppose -15*c = 36*c - 79050. What are the prime factors of c?
2, 5, 31
Suppose 3*g = 11 + 1. List the prime factors of (g + -2)*940/8.
5, 47
Suppose 118*i = 137*i - 20653. What are the prime factors of i?
1087
Suppose 4*w - 3*a - 408 = 0, 3*w - 20 = 4*a + 286. List the prime factors of w.
2, 3, 17
Let h = 794 + -565. Let s = h - 35. List the prime factors of s.
2, 97
Suppose 0 = 4*d - 2*c - 26, 2*d - 3*c = -0*d + 23. Suppose d*o + 60 = 7*o. What are the prime factors of (-6)/8 - (-1475)/o?
73
Suppose 3 - 2 = -r. Let w(p) = 2*p**3 + 1. Let f be w(r). What are the prime factors of f + -1 + 1*7?
5
Let w = -20 + 16. Let x be w/(64/(-36) - -2). Let z = x - -22. List the prime factors of z.
2
Let q(l) = -17*l + 40. Let m be (-364)/49 - 6/(-14). List the prime factors of q(m).
3, 53
Let j = -15 - -13. Let i be 4/6 - (-58)/(-6). List the prime factors of 1740/54 - j/i.
2
Suppose -51 + 129 = 2*i. Suppose 6*m - i - 81 = 0. List the prime factors of m.
2, 5
Let d(r) = -69*r - 14. Let z = 19 - 21. What are the prime factors of d(z)?
2, 31
Let n(y) = -y**2 + 10*y + 5. Let w be n(10). Suppose -w*d + 5*s = -450, 5*d - 3*s = -0*s + 452. List the prime factors of d.
7, 13
Let h(w) = 1 + 3 + w - 5. Let x be h(0). List the prime factors of -9*((-16)/6 - x).
3, 5
Suppose 62680 = 40*s - 5160. List the prime factors of s.
2, 53
Let v(k) be the first derivative of -k**4/4 - 8*k**3/3 + 7*k**2 - 4*k + 4. What are the prime factors of v(-10)?
2, 7
Let y(s) = -4*s**2 - 9*s. Let h(a) = 7*a**2 + 17*a + 1. Let d(c) = 3*h(c) + 5*y(c). Let g be d(6). Let p = g - 47. What are the prime factors of p?
2, 7
Let i(n) = n**3 + 25*n**2 + 21*n - 8. What are the prime factors of i(-23)?
3, 7
Let o be (7 - 11) + (33 - 0). Let f = 42 - o. Suppose 3*h + f = 37. List the prime factors of h.
2
What are the prime factors of (9 - (5 + 3))*134/2?
67
Let k be (-2 + 1)/(((-6)/(-195))/2). Let y = -63 - k. What are the prime factors of y?
2
Let w(h) = 2*h**3 + 15*h**2 + 9*h + 33. Let z(x) = 3*x**3 + 15*x**2 + 10*x + 32. Let j(y) = 4*w(y) - 3*z(y). List the prime factors of j(15).
2, 3, 7
Let n(b) = b + 22. Let u(p) = -p - 23. Let x(y) = 3*n(y) + 2*u(y). Suppose -6 = 5*l - 51. What are the prime factors of x(l)?
29
Let b(w) = 52*w + 585*w**2 + w**3 - 610*w**2 - 50 + 16. List the prime factors of b(23).
2, 13
Let r(l) be the first derivative of 2*l**3/3 - 15*l + 13. List the prime factors of r(10).
5, 37
List the prime factors of -9 - 70/(-7) - -1961.
2, 3, 109
Suppose -120*g + 125*g - 15 = 0. Let f = 4 - -7. Suppose 5*z + f = 6*z + 4*m, -g*z - 5*m = -68. What are the prime factors of z?
31
Suppose -9846 = -11*q - 7*q. List the prime factors of q.
547
Let o(m) = m**3 - 13*m**2 + 17*m - 16. Let d(s